{"id":318,"date":"2023-09-22T18:23:50","date_gmt":"2023-09-22T18:23:50","guid":{"rendered":"https:\/\/tercersectorsocialib.org\/?page_id=318"},"modified":"2023-10-10T22:17:55","modified_gmt":"2023-10-10T22:17:55","slug":"objetivos","status":"publish","type":"page","link":"https:\/\/tercersectorsocialib.org\/es\/objetivos\/","title":{"rendered":"Objetivos"},"content":{"rendered":"<p>[et_pb_section fb_built=\u00bb1&#8243; admin_label=\u00bbHero Section\u00bb _builder_version=\u00bb4.22.2&#8243; use_background_color_gradient=\u00bbon\u00bb background_color_gradient_direction=\u00bb156deg\u00bb background_color_gradient_stops=\u00bbrgba(53,64,68,0.84) 28%|rgba(244,240,233,0) 100%\u00bb background_color_gradient_overlays_image=\u00bbon\u00bb background_color_gradient_start=\u00bbrgba(244,240,233,0.9)\u00bb background_color_gradient_start_position=\u00bb30%\u00bb background_color_gradient_end=\u00bbrgba(244,240,233,0)\u00bb background_image=\u00bbhttps:\/\/tercersectorsocialib.org\/wp-content\/uploads\/2023\/10\/catedral-basilica-de-santa-maria-de-mallorca-in-pa-2022-11-12-15-11-39-utc-scaled.jpg\u00bb custom_margin=\u00bb|||\u00bb custom_padding=\u00bb119px|0px|119px|0px\u00bb global_colors_info=\u00bb{}\u00bb][et_pb_row custom_padding_last_edited=\u00bboff|desktop\u00bb admin_label=\u00bbHero Area\u00bb _builder_version=\u00bb4.16&#8243; custom_padding=\u00bb27px|0px|0px|0px\u00bb global_colors_info=\u00bb{}\u00bb][et_pb_column type=\u00bb4_4&#8243; _builder_version=\u00bb4.16&#8243; custom_padding=\u00bb|||\u00bb global_colors_info=\u00bb{}\u00bb custom_padding__hover=\u00bb|||\u00bb][et_pb_text admin_label=\u00bbHero Title\u00bb _builder_version=\u00bb4.22.2&#8243; text_font=\u00bbPlayfair Display||||||||\u00bb header_font=\u00bb||||||||\u00bb header_text_color=\u00bb#FFFFFF\u00bb header_font_size=\u00bb60px\u00bb header_line_height=\u00bb1.1em\u00bb custom_margin=\u00bb||0px|\u00bb custom_padding=\u00bb|||\u00bb animation_style=\u00bbslide\u00bb animation_direction=\u00bbleft\u00bb animation_intensity_slide=\u00bb5%\u00bb animation_starting_opacity=\u00bb100%\u00bb hover_enabled=\u00bb0&#8243; text_font_size_last_edited=\u00bboff|desktop\u00bb header_font_size_tablet=\u00bb\u00bb header_font_size_phone=\u00bb60px\u00bb header_font_size_last_edited=\u00bbon|phone\u00bb header_text_shadow_style=\u00bbpreset3&#8243; global_colors_info=\u00bb{}\u00bb content_last_edited=\u00bbon|phone\u00bb content_tablet=\u00bb<\/p>\n<h1 style=%22text-align: center;%22>Nuestros objetivos<\/h1>\n<p>\u00bb sticky_enabled=\u00bb0&#8243; content_phone=\u00bb<\/p>\n<h1 style=%22text-align: center;%22>Nuestros objetivos<\/h1>\n<p>\u00ab]<\/p>\n<h1>Nuestros objetivos<\/h1>\n<p>[\/et_pb_text][\/et_pb_column][\/et_pb_row][\/et_pb_section][et_pb_section fb_built=\u00bb1&#8243; admin_label=\u00bbAbout Us Section\u00bb _builder_version=\u00bb4.16&#8243; custom_padding=\u00bb110px||0px|\u00bb global_colors_info=\u00bb{}\u00bb][et_pb_row column_structure=\u00bb1_2,1_2&#8243; use_custom_gutter=\u00bbon\u00bb gutter_width=\u00bb2&#8243; make_equal=\u00bbon\u00bb admin_label=\u00bbAbout Us Area\u00bb _builder_version=\u00bb4.22.2&#8243; width=\u00bb100%\u00bb max_width=\u00bb100%\u00bb custom_margin=\u00bb-109px|auto||auto||\u00bb custom_padding=\u00bb0px|0px|0px|0px||\u00bb global_colors_info=\u00bb{}\u00bb][et_pb_column type=\u00bb1_2&#8243; _builder_version=\u00bb4.16&#8243; custom_padding=\u00bb|||\u00bb global_colors_info=\u00bb{}\u00bb custom_padding__hover=\u00bb|||\u00bb][et_pb_image src=\u00bbhttps:\/\/tercersectorsocialib.org\/wp-content\/uploads\/2023\/09\/objetivos1.jpg\u00bb title_text=\u00bbobjetivos1&#8243; align=\u00bbright\u00bb force_fullwidth=\u00bbon\u00bb align_tablet=\u00bbcenter\u00bb align_phone=\u00bbcenter\u00bb align_last_edited=\u00bbon|desktop\u00bb _builder_version=\u00bb4.22.2&#8243; custom_margin=\u00bb||||false|false\u00bb animation_style=\u00bbslide\u00bb animation_direction=\u00bbleft\u00bb animation_intensity_slide=\u00bb10%\u00bb animation_starting_opacity=\u00bb100%\u00bb global_colors_info=\u00bb{}\u00bb][\/et_pb_image][\/et_pb_column][et_pb_column type=\u00bb1_2&#8243; _builder_version=\u00bb4.16&#8243; custom_padding=\u00bb80px||80px|\u00bb global_colors_info=\u00bb{}\u00bb custom_padding__hover=\u00bb|||\u00bb][et_pb_text admin_label=\u00bbTitle\u00bb _builder_version=\u00bb4.22.2&#8243; text_font=\u00bb||||||||\u00bb header_font=\u00bb||||||||\u00bb header_2_font=\u00bb||||||||\u00bb header_2_font_size=\u00bb42px\u00bb header_2_line_height=\u00bb1.3em\u00bb header_3_text_color=\u00bbgcid-9b68ff86-506c-4f0d-a97c-3799c772bfcf\u00bb header_3_font_size=\u00bb34px\u00bb max_width=\u00bb66%\u00bb custom_margin=\u00bb||20px|\u00bb animation_style=\u00bbslide\u00bb animation_direction=\u00bbtop\u00bb animation_intensity_slide=\u00bb30%\u00bb animation_starting_opacity=\u00bb100%\u00bb hover_enabled=\u00bb0&#8243; global_colors_info=\u00bb{%22gcid-9b68ff86-506c-4f0d-a97c-3799c772bfcf%22:%91%22header_3_text_color%22%93}\u00bb custom_margin_last_edited=\u00bbon|tablet\u00bb custom_margin_tablet=\u00bb||20px|96px|false|false\u00bb sticky_enabled=\u00bb0&#8243; custom_margin_phone=\u00bb||20px|96px|false|false\u00bb]<\/p>\n<h3 style=\"text-align: left;\">Los objetivos del Tercer Sector Social Islas Baleares son:<\/h3>\n<p>[\/et_pb_text][et_pb_divider color=\u00bb#000000&#8243; divider_weight=\u00bb3px\u00bb _builder_version=\u00bb4.22.2&#8243; max_width=\u00bb50px\u00bb custom_margin=\u00bb||10px|\u00bb animation_style=\u00bbfold\u00bb animation_direction=\u00bbleft\u00bb animation_starting_opacity=\u00bb100%\u00bb hover_enabled=\u00bb0&#8243; global_colors_info=\u00bb{}\u00bb custom_margin_last_edited=\u00bbon|phone\u00bb sticky_enabled=\u00bb0&#8243; custom_margin_tablet=\u00bb|||96px|false|false\u00bb custom_margin_phone=\u00bb|||96px|false|false\u00bb][\/et_pb_divider][et_pb_text _builder_version=\u00bb4.22.2&#8243; text_font=\u00bb||||||||\u00bb text_font_size=\u00bb16px\u00bb text_line_height=\u00bb1.8em\u00bb max_width=\u00bb66%\u00bb animation_style=\u00bbslide\u00bb animation_direction=\u00bbtop\u00bb animation_intensity_slide=\u00bb10%\u00bb animation_starting_opacity=\u00bb100%\u00bb hover_enabled=\u00bb0&#8243; global_colors_info=\u00bb{}\u00bb sticky_enabled=\u00bb0&#8243; custom_margin=\u00bb|||96px|false|false\u00bb custom_margin_last_edited=\u00bbon|phone\u00bb custom_margin_phone=\u00bb|||86px|false|false\u00bb custom_margin_tablet=\u00bb|||96px|false|false\u00bb]<\/p>\n<ul>\n<li>Conseguir visibilidad p\u00fablica, interlocuci\u00f3n y representatividad. Ser interlocutores ante las administraciones para mejorar el marco normativo, hacer visible el papel del tercer sector social ante los medios de comunicaci\u00f3n y la sociedad e implicarse en \u00f3rganos de participaci\u00f3n en relaci\u00f3n a las pol\u00edticas sociales.<\/li>\n<li>Reivindicar unos servicios sociales suficientes y de calidad para cubrir las necesidades reales.<\/li>\n<li>Defender un sistema de financiaci\u00f3n estable para el Tercer Sector Social.<\/li>\n<li>Dignificar el sector. Promover la profesionalizaci\u00f3n del tercer sector social, mejorar su gesti\u00f3n y fomentar el voluntariado y la participaci\u00f3n social.<\/li>\n<li>Coordinar las actuaciones de las diferentes redes de segundo nivel y entidades de primer nivel a fin de establecer relaciones de colaboraci\u00f3n y lealtad, que eviten situaciones de competencia en el seno del tercer sector social.<\/li>\n<\/ul>\n<p>[\/et_pb_text][\/et_pb_column][\/et_pb_row][\/et_pb_section]<\/p>\n","protected":false},"excerpt":{"rendered":"<p>Nuestros objetivosLos objetivos del Tercer Sector Social Islas Baleares son: Conseguir visibilidad p\u00fablica, interlocuci\u00f3n y representatividad. Ser interlocutores ante las administraciones para mejorar el marco normativo, hacer visible el papel del tercer sector social ante los medios de comunicaci\u00f3n y la sociedad e implicarse en \u00f3rganos de participaci\u00f3n en relaci\u00f3n a las pol\u00edticas sociales. Reivindicar [&hellip;]<\/p>\n","protected":false},"author":2,"featured_media":0,"parent":0,"menu_order":0,"comment_status":"closed","ping_status":"closed","template":"","meta":{"_et_pb_use_builder":"on","_et_pb_old_content":"","_et_gb_content_width":"","footnotes":""},"class_list":["post-318","page","type-page","status-publish","hentry"],"_links":{"self":[{"href":"https:\/\/tercersectorsocialib.org\/es\/wp-json\/wp\/v2\/pages\/318","targetHints":{"allow":["GET"]}}],"collection":[{"href":"https:\/\/tercersectorsocialib.org\/es\/wp-json\/wp\/v2\/pages"}],"about":[{"href":"https:\/\/tercersectorsocialib.org\/es\/wp-json\/wp\/v2\/types\/page"}],"author":[{"embeddable":true,"href":"https:\/\/tercersectorsocialib.org\/es\/wp-json\/wp\/v2\/users\/2"}],"replies":[{"embeddable":true,"href":"https:\/\/tercersectorsocialib.org\/es\/wp-json\/wp\/v2\/comments?post=318"}],"version-history":[{"count":10,"href":"https:\/\/tercersectorsocialib.org\/es\/wp-json\/wp\/v2\/pages\/318\/revisions"}],"predecessor-version":[{"id":871,"href":"https:\/\/tercersectorsocialib.org\/es\/wp-json\/wp\/v2\/pages\/318\/revisions\/871"}],"wp:attachment":[{"href":"https:\/\/tercersectorsocialib.org\/es\/wp-json\/wp\/v2\/media?parent=318"}],"curies":[{"name":"wp","href":"https:\/\/api.w.org\/{rel}","templated":true}]}}

<p>[et_pb_section fb_built=»1&#8243; admin_label=»Hero Section» _builder_version=»4.22.2&#8243; use_background_color_gradient=»on» background_color_gradient_direction=»156deg» background_color_gradient_stops=»rgba(53,64,68,0.84) 28%|rgba(244,240,233,0) 100%» background_color_gradient_overlays_image=»on» background_color_gradient_start=»rgba(244,240,233,0.9)» background_color_gradient_start_position=»30%» background_color_gradient_end=»rgba(244,240,233,0)» background_image=»https://tercersectorsocialib.org/wp-content/uploads/2023/10/catedral-basilica-de-santa-maria-de-mallorca-in-pa-2022-11-12-15-11-39-utc-scaled.jpg» custom_margin=»|||» custom_padding=»119px|0px|119px|0px» global_colors_info=»{}»][et_pb_row custom_padding_last_edited=»off|desktop» admin_label=»Hero Area» _builder_version=»4.16&#8243; custom_padding=»27px|0px|0px|0px» global_colors_info=»{}»][et_pb_column type=»4_4&#8243; _builder_version=»4.16&#8243; custom_padding=»|||» global_colors_info=»{}» custom_padding__hover=»|||»][et_pb_text admin_label=»Hero Title» _builder_version=»4.22.2&#8243; text_font=»Playfair Display||||||||» header_font=»||||||||» header_text_color=»#FFFFFF» header_font_size=»60px» header_line_height=»1.1em» custom_margin=»||0px|» custom_padding=»|||» animation_style=»slide» animation_direction=»left» animation_intensity_slide=»5%» animation_starting_opacity=»100%» hover_enabled=»0&#8243; text_font_size_last_edited=»off|desktop» header_font_size_tablet=»» header_font_size_phone=»60px» header_font_size_last_edited=»on|phone» header_text_shadow_style=»preset3&#8243; global_colors_info=»{}» content_last_edited=»on|phone» content_tablet=»</p>
<h1 style=%22text-align: center;%22>Nuestros objetivos</h1>
<p>» sticky_enabled=»0&#8243; content_phone=»</p>
<h1 style=%22text-align: center;%22>Nuestros objetivos</h1>
<p>«]</p>
<h1>Nuestros objetivos</h1>
<p>[/et_pb_text][/et_pb_column][/et_pb_row][/et_pb_section][et_pb_section fb_built=»1&#8243; admin_label=»About Us Section» _builder_version=»4.16&#8243; custom_padding=»110px||0px|» global_colors_info=»{}»][et_pb_row column_structure=»1_2,1_2&#8243; use_custom_gutter=»on» gutter_width=»2&#8243; make_equal=»on» admin_label=»About Us Area» _builder_version=»4.22.2&#8243; width=»100%» max_width=»100%» custom_margin=»-109px|auto||auto||» custom_padding=»0px|0px|0px|0px||» global_colors_info=»{}»][et_pb_column type=»1_2&#8243; _builder_version=»4.16&#8243; custom_padding=»|||» global_colors_info=»{}» custom_padding__hover=»|||»][et_pb_image src=»https://tercersectorsocialib.org/wp-content/uploads/2023/09/objetivos1.jpg» title_text=»objetivos1&#8243; align=»right» force_fullwidth=»on» align_tablet=»center» align_phone=»center» align_last_edited=»on|desktop» _builder_version=»4.22.2&#8243; custom_margin=»||||false|false» animation_style=»slide» animation_direction=»left» animation_intensity_slide=»10%» animation_starting_opacity=»100%» global_colors_info=»{}»][/et_pb_image][/et_pb_column][et_pb_column type=»1_2&#8243; _builder_version=»4.16&#8243; custom_padding=»80px||80px|» global_colors_info=»{}» custom_padding__hover=»|||»][et_pb_text admin_label=»Title» _builder_version=»4.22.2&#8243; text_font=»||||||||» header_font=»||||||||» header_2_font=»||||||||» header_2_font_size=»42px» header_2_line_height=»1.3em» header_3_text_color=»gcid-9b68ff86-506c-4f0d-a97c-3799c772bfcf» header_3_font_size=»34px» max_width=»66%» custom_margin=»||20px|» animation_style=»slide» animation_direction=»top» animation_intensity_slide=»30%» animation_starting_opacity=»100%» hover_enabled=»0&#8243; global_colors_info=»{%22gcid-9b68ff86-506c-4f0d-a97c-3799c772bfcf%22:%91%22header_3_text_color%22%93}» custom_margin_last_edited=»on|tablet» custom_margin_tablet=»||20px|96px|false|false» sticky_enabled=»0&#8243; custom_margin_phone=»||20px|96px|false|false»]</p>
<h3 style="text-align: left;">Los objetivos del Tercer Sector Social Islas Baleares son:</h3>
<p>[/et_pb_text][et_pb_divider color=»#000000&#8243; divider_weight=»3px» _builder_version=»4.22.2&#8243; max_width=»50px» custom_margin=»||10px|» animation_style=»fold» animation_direction=»left» animation_starting_opacity=»100%» hover_enabled=»0&#8243; global_colors_info=»{}» custom_margin_last_edited=»on|phone» sticky_enabled=»0&#8243; custom_margin_tablet=»|||96px|false|false» custom_margin_phone=»|||96px|false|false»][/et_pb_divider][et_pb_text _builder_version=»4.22.2&#8243; text_font=»||||||||» text_font_size=»16px» text_line_height=»1.8em» max_width=»66%» animation_style=»slide» animation_direction=»top» animation_intensity_slide=»10%» animation_starting_opacity=»100%» hover_enabled=»0&#8243; global_colors_info=»{}» sticky_enabled=»0&#8243; custom_margin=»|||96px|false|false» custom_margin_last_edited=»on|phone» custom_margin_phone=»|||86px|false|false» custom_margin_tablet=»|||96px|false|false»]</p>
<ul>
<li>Conseguir visibilidad pública, interlocución y representatividad. Ser interlocutores ante las administraciones para mejorar el marco normativo, hacer visible el papel del tercer sector social ante los medios de comunicación y la sociedad e implicarse en órganos de participación en relación a las políticas sociales.</li>
<li>Reivindicar unos servicios sociales suficientes y de calidad para cubrir las necesidades reales.</li>
<li>Defender un sistema de financiación estable para el Tercer Sector Social.</li>
<li>Dignificar el sector. Promover la profesionalización del tercer sector social, mejorar su gestión y fomentar el voluntariado y la participación social.</li>
<li>Coordinar las actuaciones de las diferentes redes de segundo nivel y entidades de primer nivel a fin de establecer relaciones de colaboración y lealtad, que eviten situaciones de competencia en el seno del tercer sector social.</li>
</ul>
<p>[/et_pb_text][/et_pb_column][/et_pb_row][/et_pb_section]</p>

<p>Nuestros objetivosLos objetivos del Tercer Sector Social Islas Baleares son: Conseguir visibilidad pública, interlocución y representatividad. Ser interlocutores ante las administraciones para mejorar el marco normativo, hacer visible el papel del tercer sector social ante los medios de comunicación y la sociedad e implicarse en órganos de participación en relación a las políticas sociales. Reivindicar [&hellip;]</p>
